etermine j(u).
0
Let b be (-20)/6*(-24)/20. Let s(m) = -3*m + 69 + m**2 + 64 - 137. What is s(b)?
0
Let b = 7/326 + 78/163. Let w(i) be the first derivative of b*i**2 - 7 - 5*i. Give w(4).
-1
Let s(a) = 7*a**3 - 6*a**2 - 5*a + 1. Let h(z) = -2*z**3 + z**2 + z - 1. Let n(v) = 3*h(v) + s(v). Give n(3).
-8
Suppose 0 = 3*p + p + 4*s - 20, -6 = -3*s. Let b be p*5/(-3) - 4. Let m = b + 15. Let r(a) = -2*a + 6. Give r(m).
-6
Let y(v) be the second derivative of 2*v**3/3 - v**2 - v. Suppose -5*i + 3*p - 2 = 0, -i - 258*p = -257*p - 6. What is y(i)?
6
Suppose g - 6 = -2*g + 3*w, -g - 3*w = -6. Let x(p) = -p - 6*p + 3*p + g*p - 1. Give x(3).
-4
Let m(n) = -n**2 + n + 3. Suppose 0 = -4*i - 5*s - 7, 2 = -231*i + 230*i - s. Calculate m(i).
-9
Let t(y) = 2*y - 3. Let q = -248 + 243. Determine t(q).
-13
Let d(s) = -s**3 + 5*s**2 + 6*s - 9. Suppose 2*f - f = 5. Suppose -8 = -6*g + f*g. Suppose 4 + g = 2*y. Calculate d(y).
-9
Let w be (4 + 39/(-9))*-9. Let z(y) = y + 5*y**3 + 2 - 6*y**w - 1 + 4*y**2 + 4. Determine z(4).
9
Let b(p) = -p**3 - 8*p**2 - 8*p - 3. Let q be ((-4)/(-6))/((-4)/(-24)). Suppose -q*f - f - 36 = -o, 4*f + 3*o = -25. Give b(f).
4
Let u(h) = h**3 - 7*h**2 - 8*h + 4. Let j be (1 - (-24)/(-30))*40. Give u(j).
4
Suppose 6*p = 8*p. Suppose 0*q + q - 2 = p. Let t(n) = n**2 + n**q + 0*n**2 + 2 + 2*n + n**3. Give t(-3).
-13
Let h(c) = -c**3 - 6*c**2 - 2*c - 4. Suppose 2*l + 2*l - 1 = b, 3*l + 29 = -b. Let j = -23 - b. Determine h(j).
8
Let f(d) = d**2 - 3*d - 2. Let n = 21 + -36. Let q be (-29)/2 + n/(-10). Let b = 16 + q. Calculate f(b).
-2
Let f(v) = 4*v + 31. Let p(j) = -5*j - 40. Let h(t) = 6*f(t) + 5*p(t). What is h(0)?
-14
Let k = -110 + 110. Let x(a) be the third derivative of 0*a + 1/8*a**4 - 5*a**2 + 0*a**3 + k. Give x(-1).
-3
Let y(b) = 2*b - b - 27 + 31 + 0*b. Let k(x) = -x**2 + 1. Let c be k(2). Let h be -8 - c/((-3)/(-2)). Determine y(h).
-2
Let b = -227 - -225. Let k(i) = -5*i - 6. Let j(d) = 5*d + 5. Let v(f) = -4*j(f) - 3*k(f). Give v(b).
8
Let y(x) = -x**2 - 6*x + 7. Let j(b) = -15*b - 4. Let a(k) = -16*k - 4. Let c(n) = 5*a(n) - 6*j(n). Let d be c(-1). Give y(d).
7
Let a = -6 - -10. Let j = 11 - a. Let o(i) = 3*i**2 - j*i**2 + 0*i**2 - i**3 - 5. Give o(-4).
-5
Let x(u) be the second derivative of -5/6*u**3 + 0 - 5/2*u**2 - 15*u. What is x(-4)?
15
Let q = 1/193 - -577/386. Let a(r) be the first derivative of -q*r**2 + 7*r + 7. Calculate a(5).
-8
Let j(h) = -h - 23 + 25 + 2*h**3 - 3*h**3 - 5*h**2. Suppose -l = 2*b + 13, 2*l = 2*b + 6*l + 28. Give j(b).
-10
Let q(i) = -3*i**2 + 11*i - 4. Let m(a) = -7*a**2 + 21*a - 7. Let p(n) = -2*m(n) + 5*q(n). Suppose 3*u = 5*b - 0 + 36, -5*b = 0. Calculate p(u).
6
Let u(f) = 5*f - 4. Let i(c) = -c**3 + 5*c**2 + 9*c - 13. Let n(v) = v**3 + 16*v**2 - v - 10. Let s be n(-16). Let z be i(s). Calculate u(z).
21
Let r(v) be the second derivative of 0 + 10*v + 1/6*v**3 - 5/2*v**2. Give r(4).
-1
Let z(p) = 24 + 15 + p**2 + 19 + 23 - 83 + 14*p. What is z(-14)?
-2
Let o(h) = h. Let c(d) be the first derivative of d**2 - d - 2. Let z(y) = c(y) + 5*o(y). Let a = -96 + 95. Determine z(a).
-8
Let t(b) = b + 12. Suppose 6*k - 5*k - 2 = 0. Suppose 0 = -27*p + 23*p + w - 46, 0 = k*p + 3*w + 30. Determine t(p).
0
Let c(r) = -8*r - 24. Let p be c(-3). Let x(z) = z**2 + z - 6. Determine x(p).
-6
Let l(m) = -13*m**2 + 7*m - 5. Let y(a) = -2*a**2 - 2. Let g(t) = -l(t) + 6*y(t). Let p be 2/5 - (-198)/30. Give g(p).
-7
Let x(n) = -n**3 - 19*n**2 - 19*n - 24. Suppose -18*m - 351 = -27. Give x(m).
-6
Let v(x) = x**2 + 8*x + 13. Let w(s) = 1. Let m(b) = -v(b) + 2*w(b). Determine m(-7).
-4
Let l(a) = -1. Let f(q) = q - 15. Let b(p) = -f(p) + 2*l(p). Let z be 92/16 + 3/12. Give b(z).
7
Suppose w - 4*p = 37, -2*w = 5*p - 48 - 0. Let v(s) = 1 + 30*s - w*s + 0*s**2 - s**3 - 2*s**2. Give v(-3).
7
Let o(w) be the third derivative of w**4/24 + 7*w**3/6 + 6*w**2 + 6*w. Determine o(-3).
4
Let v(h) = 2*h + 27. Suppose 5*y + 3 = 2*t - 62, 4*t = 0. Give v(y).
1
Let h(t) be the second derivative of -t**4/12 - 2*t**3/3 - t**2/2 - 122*t - 2. Determine h(-4).
-1
Let q be (-2)/4 - (-5)/30*33. Let a(d) = 3*d**2 - 1 - 2*d**2 + 3*d - 2*d - q*d. Determine a(3).
-4
Let x(f) = -f**3 - 7*f**2 - 7*f - 4. Let o be x(-6). Let i(d) = -4 + 4*d + 3*d + d**o - 19*d + 6*d. Suppose 6 = y + 5*g, 2*g = -3*y - y + 24. Determine i(y).
-4
Let n(p) be the first derivative of p**2/2 - p + 44. Calculate n(7).
6
Let l(y) = 3*y + 14. Let z(k) = -4*k - 15. Let p(u) = -5*l(u) - 4*z(u). Calculate p(3).
-7
Let l(n) = n - 6. Let t(w) = -w**2 - 8*w + 2. Let s be t(-7). Suppose m = 4*m - s. Give l(m).
-3
Let g(i) = -i**2 - i - 1. Let b(x) = -3*x**2 - 10*x - 3. Let p(j) = b(j) - 4*g(j). Let l(s) = -16*s - 650. Let h be l(-41). What is p(h)?
1
Let v(u) = u - 14. Let m(i) = 1. Let s(n) = 5*m(n) - v(n). What is s(0)?
19
Let x(a) be the third derivative of -a**4/24 - 2*a**3/3 + 2*a**2. Let b = -21 - -31. Suppose 13*v - 15 = b*v. Determine x(v).
-9
Let k = -2353 - -2355. Let w(v) be the first derivative of 2*v**3 - 5/2*v**2 + k - 2*v - 1/4*v**4. Give w(5).
-2
Let m(h) = -14*h - 3. Let t(i) = -2*i**2 - 5*i + 28. Let f be t(-5). Determine m(f).
-45
Let i(b) = -b**2 - 8*b - 1. Let m be i(-7). Let a(n) = 4*n - 2. Let g(c) = 9*c + 2*c - 3 + 2 - 8*c. Let r(v) = -4*a(v) + 5*g(v). Give r(m).
-3
Suppose -18 = 3*l + 3. Let d = -3 - l. Let p(g) = -g. What is p(d)?
-4
Let r(f) = 5*f - 53. Let n be r(13). Let d(m) = m - 8. Give d(n).
4
Let i = 4 - 7. Let f(u) be the third derivative of u**4/24 + u**3/2 - u**2 + 222. What is f(i)?
0
Suppose -8 = -0*w - 4*w, 0 = 3*q + 4*w + 1. Let f(r) = r**2 + 3*r. What is f(q)?
0
Let o(j) be the first derivative of -3*j - 1/2*j**2 + 1/4*j**4 + j**3 - 7. Calculate o(-4).
-15
Let x(g) = -g**3 - g**2 - 14. Let i(z) = -z**2 - 2*z + 10. Let r be i(-4). Let m be 1/r + (6 - 12)/12. Determine x(m).
-14
Let i(z) = 9*z - 20. Let s(g) = 5*g - 12. Let v(p) = 6*i(p) - 11*s(p). Give v(8).
4
Let m(d) = d**3 - 7*d**2 + 7*d + 5. Let t = 20 - 2. Suppose -24*f = -21*f - t. Let x be ((-18)/f)/((-1)/2). Determine m(x).
11
Let m(l) = 5*l - 1. Let c(x) be the third derivative of -x**4/6 + 8*x**2. Let t(b) = 4*c(b) + 3*m(b). Determine t(5).
-8
Suppose 0 = 2*s - 8 - 8. Suppose s = -5*p + p. Let o(t) be the third derivative of t**5/60 - t**4/24 + t**2. What is o(p)?
6
Let q(i) be the third derivative of i**6/120 + i**5/15 - i**4/2 + 2*i**3/3 - 95*i**2 - 2. Determine q(-6).
4
Let t(y) = -y - 1. Suppose 4*v = -2 + 26. Let o be -3 - (-5)/(10/v). Suppose 3*z + 20 = -2*z, o = 3*f - 3*z - 9. Determine t(f).
0
Suppose 29*d - 56*d = 0. Let b(r) = r + 25. What is b(d)?
25
Let q = -660 - -655. Let z(g) = 6*g**2 + 2. Let i(k) = -5*k**2 - k - 1. Let h(x) = -5*i(x) - 4*z(x). Calculate h(q).
-3
Let d = 4 - 2. Let h(b) = -6*b**2 - 13*b - 16. Let c(m) = 2*m**2 + 4*m + 5. Let i(x) = -19*c(x) - 6*h(x). What is i(d)?
-3
Suppose 9*l - 5*l - 8 = 0. Let r be -3 + 6 + l/(-2). Let j(p) = 2*p - 1. Determine j(r).
3
Let k be (2 + 1)/(15/(-10) - 18/(-20)). Let h(n) = -n**3 - 2*n**2 + 7*n + 2. Let t(l) = l**2 + l + 1. Let p(i) = h(i) - 2*t(i). Calculate p(k).
0
Let d be (-6)/(-33) + 4/(-22). Let y be (30/(-5))/(d - 1). Let t(l) = 6*l**2 + 13*l + 3 + 1 + 5*l - l**3 - 19*l. Give t(y).
-2
Let p(a) = -3592 - 3594 + a + 7187 - 2*a. Give p(0).
1
Suppose -49 = -4*i + 67. Let h = i + -34. Let b(v) = v**3 + 6*v**2 + 3*v - 2. Determine b(h).
8
Let f(r) = r**2 + 7*r + 10. Suppose 19*k - 1261 = -1375. Determine f(k).
4
Let z = 533 - 526. Let a(b) = -b + 10. What is a(z)?
3
Let s be (4/22 - (-390)/(-572))*-10. Let r(n) = n**3 - 6*n**2 + 3*n + 9. Calculate r(s).
-1
Let k(y) be the second derivative of -y**4/12 + y**3 + y**2/2 + 6*y. Let t be (2 + 1)/(9/6). Suppose -t*q + 3 = -5. Determine k(q).
9
Let y(w) = 4*w**2 - 4*w + 3. Let b be 0/(-1)*(3 - 4). Suppose z - 86 = -4*k - b*z, 3*k - 61 = z. Let s = k - 19. What is y(s)?
11
Let a(f) be the second derivative of -13*f**4/12 + f**3/6 + 25*f. Determine a(1).
-12
Let n = -496 + 495. Let m(u) = -31*u**3 - 2*u**2 - u. Calculate m(n).
30
Let k(l) be the first derivative of l**3/3 - 7*l**2/2 - 2*l - 522. Let a(g) = -g + 2. Let t be a(-4). Determine k(t).
-8
Let u(b) = 0*b - 5*b**2 - b + 4*b**2 - 1. Let z = -95 + 117. Suppose 2 = -z*x + 23*x. What is u(x)?
-7
Let v be -1*(15/3 + 